**3 - 24*k**2 - 25*k - 26. What is o(-23)?
20
Let i(x) = x**3 + 5*x**2 + 6*x - 1. Give i(-5).
-31
Let f(a) = -a + 14. Determine f(6).
8
Let r(z) = z**2 + 8*z - 14. Determine r(-10).
6
Let r(d) = -d**3 + 16*d**2 - 13*d - 6. Calculate r(15).
24
Let j(r) = r**3 + 8*r**2 - 9*r - 6. Determine j(-9).
-6
Let p(f) = -f**3 + 6*f**2 - 3*f - 7. What is p(5)?
3
Let c(r) = -r**3 + r**2 + 4*r + 5. Determine c(-3).
29
Let k(y) = -44*y - 223. Determine k(-5).
-3
Let v(f) = -f**2 - 18*f - 30. What is v(-15)?
15
Let z(m) = -m + 15. What is z(19)?
-4
Let v(r) = r**3 + 4*r**2 - 4*r + 11. Give v(-5).
6
Let x(n) = -2*n - 156. Determine x(-37).
-82
Let t(v) = -6*v**2 - 4*v - 6. Determine t(-2).
-22
Let m(n) = n**2 + 16*n + 55. Give m(-10).
-5
Let a(c) = -c**3 - c**2 + 3*c - 2. Calculate a(-3).
7
Let g(m) = 35*m + 325. Give g(-9).
10
Let d(v) = 2*v**3 + 31*v**2 + 14*v - 20. What is d(-15)?
-5
Let s(p) = p**2 + 7*p + 8. Give s(-6).
2
Let j(n) = n**2 - 13*n + 32. What is j(3)?
2
Let a(n) = n**3 + n**2 - 6*n + 4. Give a(2).
4
Let d(q) = -q**3 - 4*q**2 - 2*q + 6. Determine d(0).
6
Let g(z) = z**3 + 11*z**2 - 11*z + 14. Determine g(-12).
2
Let f(r) = r**3 - 15*r**2 + 11*r - 9. Calculate f(14).
-51
Let g(x) = -25*x - 893. Give g(-36).
7
Let f(t) = 2*t**2 - 12*t + 17. What is f(4)?
1
Let o(v) = -v**3 - 6*v**2 + 6*v + 3. Calculate o(-5).
-52
Let o(q) = q**2 + 7*q - 7. Give o(-6).
-13
Let h(m) = -8*m**2 - 19*m + 5. Give h(-4).
-47
Let x(v) = v**2 - 7*v + 2. Determine x(6).
-4
Let y(d) = -d**3 - 3*d**2 + d + 50. What is y(0)?
50
Let z(t) = 4*t**2 + 45*t + 4. Calculate z(-11).
-7
Let a(j) = -6*j**2 + j - 2. What is a(2)?
-24
Let u(d) = -2*d - 5. Calculate u(-7).
9
Let q(j) = -7*j**2 + j + 4. Give q(3).
-56
Let x(b) = 7*b**2 - 2*b + 2. Calculate x(1).
7
Let s(h) = -h**2 + 12*h + 2. Determine s(9).
29
Let u(h) = -h**3 + 14*h**2 - 11*h - 17. What is u(13)?
9
Let b(u) = -u**2 + 10*u - 12. Determine b(9).
-3
Let j(o) = -2*o + 37. What is j(9)?
19
Let n(y) = -y**3 - 8*y**2 - 7*y + 6. What is n(-7)?
6
Let b(x) = 3*x**3 + 3*x**2 + 6*x + 7. Calculate b(-2).
-17
Let l(n) = 34*n - 491. Calculate l(15).
19
Let t(l) = 4*l**3 + 2*l**2 + 6*l - 8. Calculate t(1).
4
Let i(q) = q**2 - 4*q + 7. Calculate i(6).
19
Let s(k) = k**3 + k**2 - 16*k - 41. Determine s(-5).
-61
Let k(i) = i**3 - 3*i**2 - 3*i - 9. What is k(5)?
26
Let h(c) = -4*c**3 - 4*c**2 - 3*c. What is h(-2)?
22
Let x(h) = -4*h**3 + 11*h**2 - 7*h + 4. Give x(2).
2
Let s(d) = d**3 + 35*d**2 - 155*d + 50. Give s(-39).
11
Let p(c) = -c - 42. Give p(-14).
-28
Let k(f) = -f**3 - f**2 + 4*f + 5. Calculate k(0).
5
Let q(j) = -j**2 + 3*j + 2. Calculate q(0).
2
Let a(z) = z**3 + 14*z**2 + 2*z - 11. Determine a(-14).
-39
Let h(d) = d**3 - 16*d**2 - 12*d - 18. Give h(17).
67
Let d(f) = 10*f**2 - 11*f - 18. Give d(-2).
44
Let w(l) = -l - 21. What is w(-3)?
-18
Let v(z) = -z**3 - 16*z**2 + 15*z - 67. Determine v(-17).
-33
Let x(v) = 2*v**2 + 19*v + 20. Give x(-8).
-4
Let b(p) = -3*p**3 - 4*p**2 - p + 2. Give b(-2).
12
Let j(u) = u**2 - 43*u + 306. What is j(33)?
-24
Let z(m) = m**3 - 25*m**2 - 25*m - 21. Give z(26).
5
Let w(y) = -y**3 - 10*y**2 - 7*y - 2. What is w(-9)?
-20
Let z(s) = -7*s**2 - 2*s + 12. Determine z(4).
-108
Let y(w) = -w**2 - 9*w + 5. Determine y(-10).
-5
Let t(a) = 38*a + 1. Calculate t(1).
39
Let i(p) = -2*p**2 - 28*p + 11. Determine i(-13).
37
Let g(r) = r + 4. What is g(-5)?
-1
Let y(k) = 19*k + 423. What is y(-22)?
5
Let l(v) = v**3 + v**2 - v - 51. Give l(0).
-51
Let s(y) = 15*y**2 + 2*y - 9. What is s(2)?
55
Let m(y) = y**3 + 22*y**2 - 21*y + 41. Calculate m(-23).
-5
Let q(s) = 12*s + 67. What is q(-5)?
7
Let f(i) = i**2 + 6*i - 5. Give f(-5).
-10
Let r(u) = 3*u + 19. Determine r(-5).
4
Let s(d) = -3*d**3 + d**2 - 3*d - 4. Give s(-2).
30
Let u(y) = 14*y + 198. Determine u(-14).
2
Let y(f) = -9*f + 162. Determine y(17).
9
Let x(z) = z**3 - 10*z**2 + 13*z - 45. Calculate x(9).
-9
Let k(f) = -f**2 + 3*f + 9. Give k(4).
5
Let d(o) = o**3 - 24*o**2 + 42. Determine d(24).
42
Let l(f) = -6*f**2 + 33*f - 49. Calculate l(6).
-67
Let u(i) = i**2 + 5*i + 3. Give u(-4).
-1
Let u(l) = -17*l - 5. Determine u(0).
-5
Let l(a) = -a**3 + 5*a**2 + 5*a. Calculate l(6).
-6
Let i(b) = b**3 - 28*b**2 - 35*b + 172. Determine i(29).
-2
Let x(i) = -6*i**2 - 5*i - 3. What is x(-3)?
-42
Let w(q) = -q**2 - 9*q + 3. Give w(-7).
17
Let c(i) = i**2 + 9*i + 12. Determine c(-8).
4
Let i(l) = l**2 + 5*l - 5. Calculate i(3).
19
Let f(v) = v**2 - 6*v - 5. Give f(6).
-5
Let p(v) = 20*v + 234. Determine p(-11).
14
Let s(t) = -t**3 - 30*t**2 + 31*t - 18. Give s(-31).
-18
Let d(v) = -v - 22. Give d(-12).
-10
Let j(c) = 2*c**2 + 3*c + 10. Calculate j(-4).
30
Let n(d) = -d**3 + d**2 + 15*d - 2. Calculate n(4).
10
Let y(p) = -p**3 + 4*p**2 - 12. Give y(0).
-12
Let i(j) = -7*j**2 - 11*j + 4. Calculate i(-5).
-116
Let n(r) = -4*r - 19. Determine n(6).
-43
Let v(i) = i**3 - 8*i**2 + 11*i - 6. Give v(7).
22
Let p(x) = -x**3 - 10*x**2 - 10*x - 5. What is p(-9)?
4
Let r(c) = 7*c + 4. Give r(-6).
-38
Let g(d) = -d**3 - 7*d**2 + 9*d + 17. Determine g(-8).
9
Let n(u) = -6*u + 25. Calculate n(5).
-5
Let f(t) = t**3 - 4*t**2 - 10*t - 3. Give f(7).
74
Let j(m) = m**2 - 9*m - 20. Give j(11).
2
Let q(u) = -u + 20. What is q(16)?
4
Let f(k) = 5*k + 3. Determine f(-3).
-12
Let p(k) = k + 16. Give p(-7).
9
Let o(i) = 3*i**2 - i + 4. Calculate o(5).
74
Let z(w) = -w**3 - 14*w**2 - 4*w + 5. Determine z(-14).
61
Let x(w) = 2*w**3 + 3*w**2 + 3. Calculate x(-3).
-24
Let a(b) = b**2 - 25*b - 48. Determine a(0).
-48
Let j(v) = v**2 + 9*v + 15. Determine j(-4).
-5
Let c(t) = -t**3 + 14*t**2 + 19*t - 33. Determine c(15).
27
Let i(o) = -o**3 - o**2 + 6*o - 9. Give i(-4).
15
Let q(y) = 7*y - 9. Determine q(6).
33
Let l(i) = -4*i**2 - 3*i - 2. Calculate l(-3).
-29
Let s(k) = 24*k - 156. Give s(7).
12
Let f(z) = -z**2 + 14*z + 57. Calculate f(17).
6
Let p(c) = 9*c - 28. What is p(5)?
17
Let l(c) = -c**3 + 3*c**2 + 6*c - 5. Determine l(4).
3
Let r(q) = 2*q**2 - 19*q - 54. Calculate r(11).
-21
Let w(h) = 2*h - 18. Calculate w(11).
4
Let f(r) = -r**3 - 2*r**2 - 2*r. Calculate f(-2).
4
Let w(p) = -p**3 + 9*p**2 - 8*p - 2. Determine w(8).
-2
Let x(b) = b**3 - 11*b**2 + 31*b - 51. Calculate x(8).
5
Let l(q) = -35*q**2 + 5*q - 3. What is l(2)?
-133
Let b(p) = p**3 - 6*p - 7. Calculate b(-2).
-3
Let a(r) = -4*r + 8. Calculate a(-1).
12
Let t(v) = -28*v**2 + 3*v - 1. Determine t(1).
-26
Let q(c) = c - 1. Give q(-4).
-5
Let p(v) = v. Determine p(3).
3
Let h(y) = 15*y**2 + y. Determine h(1).
16
Let v(j) = -3*j + 1. Determine v(2).
-5
Let j(z) = -4*z + 18. Calculate j(16).
-46
Let g(y) = -y**3 - 4*y**2 + 12*y + 3. Calculate g(-6).
3
Let j(t) = -t**2 + 21*t - 97. Calculate j(15).
-7
Let x(h) = -15*h**2 + 8*h. Determine x(1).
-7
Let b(o) = o**2 + 11*o - 22. Give b(2).
4
Let j(p) = 8*p + 176. Determine j(-24).
-16
Let r(o) = 15*o**2 + 13*o - 14. Determine r(1).
14
Let d(b) = -b**2 + 16*b + 222. Determine d(-9).
-3
Let i(h) = -8*h - 102. Give i(-25).
98
Let w(m) = 3*m + 42. Determine w(-16).
-6
Let i(l) = l**2 - 4. Give i(3).
5
Let k(w) = -w**3 - 19*w**2 - 60*w + 1. What is k(-15)?
1
Let w(i) = i**2 + 5*i + 6. Determine w(-4).
2
Let u(l) = -l**3 + 5*l**2 + l - 2. What is u(6)?
-32
Let d(q) = q**3 + 21*q**2 + q + 19. What is d(-21)?
-2
Let k(y) = -y**2 + 6*y + 24. Determine k(-6).
-48
Let c(x) = -x**2 - x + 2. Calculate c(-2).
0
Let k(a) = -2*a**3 - 3*a**2 - a + 7. Give k(-3).
37
Let l(g) = -g - 15. Give l(-17).
2
Let y(n) = 2*n**2 + 15*n - 5. Calculate y(-7).
-12
Let d(s) = 3*s. Determine d(0).
0
Let y(g) = g**2 + 32*g - 39. Give y(-33).
-6
Let g(c) = c - 7. Determine g(-13).
-20
Let y(n) = -n**3 + 4*n**2 + 11*n - 3. Calculate y(-2).
-1
Let n(i) = -6*i - 160. Give n(-29).
14
Let a(m) = 4*m**3 + 5*m - 6. Calculate a(3).
117
Let h(o) = 2*o**2 - 83*o - 46. What is h(42)?
-4
Let d(t) = -t**3 - 187*t**2 + 765*t. Give d(4).
4
Let u(c) = c**2 - 11*c + 31. Give u(11).
31
Let w(y) = -2*y + 23. What is w(10)?
3
Let u(m) = -21*m + 548. What is u(26)?
2
Let u(a) = -a**3 + 5*a**2 - 4*a + 4. Give u(2).
8
Let m(v) = 5*v**2 - 4*v - 3. Give m(4).
61
Let r(k) = 15*k. Determine r(-1).
-15
Let n(k) = 46*k**2 + 324*k - 9. Calculate n(-7).
-23
Let k(x) = 69*x. Calculate k(-2).
-138
Let v(o) = o**3 + 7*o**2 + 5*o - 12. Determine 